).
9
Let t(v) = -v - 1. Let f(b) = -2*b**3 - 6*b**2 - 6*b. Let k(y) = f(y) - t(y). Let d(c) = 3*c**3 + 6*c**2 + 6*c. Let j(s) = -3*d(s) - 4*k(s). Give j(6).
8
Let m(o) = -5*o + 7. Let p(h) = h**3 - 14*h**2 - 7*h - 19. Let w be p(14). Let i be 3/2 + w/(-6). Suppose -4*n = -l - 0*l + i, 2*l - 4*n - 26 = 0. Give m(l).
-18
Let z = -9502 - -9494. Let y(b) be the third derivative of b**4/4 + 7*b**3/6 + 9*b**2. Calculate y(z).
-41
Let x be 6 - (2 + 1 - 1). Let j(h) = 22 - 9 - x*h - 10. Let t = -108 + 105. What is j(t)?
15
Let a(h) be the third derivative of 1/60*h**5 + 4*h**2 + 2/3*h**3 + 0*h - 8 - 1/4*h**4. Give a(6).
4
Let u(j) = -j**3 - 6*j**2 - 8*j + 7. Let n be u(-5). Let i be -10*(6 - n/4). Let l(q) = 3*q + 2*q - 4*q + 7. Determine l(i).
2
Let c be ((-10)/4 + 1)/(51/(-68)). Let v be (15/6 + -3)*(-4)/c. Let t(f) = -4*f + 2*f + v - 6*f**2 - 6*f + f**3. What is t(7)?
-6
Let b(w) = -450*w - 717. Let m(p) = -45*p - 68. Let t(g) = 2*b(g) - 21*m(g). Give t(-3).
-141
Let i(k) = k**2 - 11*k + 13. Let z = -3 + 7. Let x = -7736 - -7739. Suppose -x*u + y + 29 = 0, -z*u - 4*y + 28 = -0*u. Calculate i(u).
-5
Let o(m) be the first derivative of -5*m**4/2 - m**3/3 - 40. Let x be (17/26 - (-38)/(-247))*-2. What is o(x)?
9
Let t(b) = 255*b**3 - 1 - 5*b + 6*b**2 + 244*b**3 + 253*b**3 + 258*b**3 - 1004*b**3. Give t(1).
6
Suppose 0 = 4*g + 4, -3*s + 4*s - 3*g - 8 = 0. Let q = 6 - 3. Let i(z) = 2*z**2 + 2*z**2 + 0*z**3 + 4*z + 0*z**q - z**3. Calculate i(s).
-5
Let o(n) = n - 5. Let j be -4 + -3 + 10 - 1. Suppose -1 = -m + j. Suppose -m*x + 11 = 2*h, 2*x + x + h = 16. Calculate o(x).
2
Suppose 0 = w - 4*o + 9*o - 28, w + 32 = 5*o. Let s(y) = -22*y - 12. Calculate s(w).
32
Let m(b) = 4 - 3 - 2 - 4*b**2. Let t be ((-64)/6)/(-4)*(-6)/(-4). Suppose 4*r - 2*n = -4, -t*n + 0 = -16. What is m(r)?
-5
Let l(o) = -3*o**2 + 1. Let m(q) = 15*q**2 - 2*q - 6. Let c(x) = 4*l(x) + m(x). Let n = 5 - 2. Suppose -5*p - 3*s + 4 = -n, -p = 2*s. Calculate c(p).
6
Suppose 8 = c + 6. Let u(d) = -15*d**3 + 7*d**2 + 15*d. Let r(v) = -2*v**3 + v**2 + 3*v. Let g(x) = -5*r(x) + u(x). Give g(c).
-32
Let f = 615 - 617. Let c(n) = 3 + 18*n - n - 6*n. Let p(j) = 16*j + 4. Let r(y) = -7*c(y) + 5*p(y). Determine r(f).
-7
Let v(t) = -t**3 - 6*t**2 - 4*t + 1. Let u be ((-75)/(-12))/((-2)/(-48)). Let b = u - 145. Suppose -b + 30 = -5*i. Calculate v(i).
-4
Let t(l) = -22*l - 9. Let c(i) = -20*i - 26. Let k(s) = -4*c(s) + 5*t(s). Calculate k(2).
-1
Let k = 446 - 430. Let v(d) = -d - 11*d**3 + 2 + d**2 - 12*d**3 - k*d**3 + 40*d**3 + 1. Determine v(-3).
-12
Let q(i) = -2*i**3 + 3*i**2 - 3. Let t be q(3). Let b be (-20)/(-2)*48/t. Let y be (-2)/b - (-2)/(-16). Let n(k) = -k**3 - k**2 - k + 1. Determine n(y).
1
Suppose 3*f = -c - 29, -3*f - 2*f - 60 = 4*c. Let q be 1/(-5) - f/(-10). Let w(s) be the third derivative of -s**6/60 + s**4/24 + 8*s**2. Determine w(q).
1
Let k be (-98)/21*3/(-2). Suppose -24 = k*q - q. Let x(w) = 2*w + 3. Determine x(q).
-5
Let w(f) = -f**2 + 4*f. Let g be 36/96 - 13/(-8). Suppose 0 = g*l - 3*l + 16. Let u be 18/12*l/6. Give w(u).
0
Let c(t) = -8*t + 2. Let f be (4/2)/(65/(-20) - -3). Let w be (21/28)/(9/f)*-3. Give c(w).
-14
Let i(u) = 3*u**3 - 2*u - 2*u**2 - 283 + 122 + 163. Give i(1).
1
Let a(j) = -52*j + 5 - 54*j**3 - 3*j**2 + 53*j**3 + 73*j + 13 - 2. Calculate a(-6).
-2
Let h(f) be the first derivative of -f**5/120 - f**4/24 + 3*f**3 - 2*f**2 + 60. Let u(w) be the third derivative of h(w). Give u(-7).
6
Let s = -10 - -9. Let c be s/(-1) - (-85)/17. Let q(u) = 4*u**2 + u - 5. Let a(i) = -i**2 + i. Let z(n) = -5*a(n) - q(n). Determine z(c).
5
Let d(s) = s - 1. Let b(r) = -2*r - 3. Suppose -13 = 3*j - 7. Let c(g) = j*b(g) - 3*d(g). Calculate c(-4).
5
Let a be 6/(-14) + 30/70. Suppose a = 9*w + 10 + 26. Let o(u) be the first derivative of -u**3/3 - 3*u**2/2 - 2*u - 5. What is o(w)?
-6
Let k(p) = -p**3 - 6*p**2 + p + 10. Let t be k(-6). Suppose 0 = 2*l - 0*l - 2*b - 22, 2*b + 34 = t*l. Let z(h) = h**2 - 6*h. Give z(l).
0
Let z(m) = -m - 7. Let p be -1 + 8 + 5/(15/(-9)). Let a be 95*1 - (-3 + 15)/p. Let v = 92 - a. Give z(v).
-7
Let q(l) = -8*l + 39. Suppose 2*b = 4*k - 16, -5*b - 3*k + 285 = 325. Give q(b).
103
Let s(p) = 5*p - 27. Let h(u) = 0 - 26 + 17 + 2*u. Let j(x) = -8*h(x) + 3*s(x). Determine j(7).
-16
Let n(q) = 4*q**3 + 3*q**2 + 12*q. Let t(p) = -9*p**3 - 7*p**2 - 28*p + 1. Let s(o) = -7*n(o) - 3*t(o). Suppose 3*y + b + 3 = 0, -2*y - b + 9 = -4*b. Give s(y).
-3
Let q(c) = c**2 - 3*c - 1. Let v(u) = 79 - u + 5*u + u**3 + 930*u**2 - 466*u**2 - 445*u**2. Let o be v(-19). Give q(o).
-1
Let d(k) = -k + 1. Let l(g) = -g**3 + 10*g**2 - 5*g + 50. Let j be l(10). Suppose j = z - 6 + 10. Determine d(z).
5
Let y = 11248 + -11253. Let z(c) = c**3 + 6*c**2 - 2*c - 10. Determine z(y).
25
Let m(x) = x**3 - x - 12. Let j be 0/(-3 + 2*(0 + 2)). Suppose j = -6*b + 4*b + 3*b. What is m(b)?
-12
Let y be -2*(6/50)/(18/45)*-5. Let h(c) = -4*c**3 - 4*c**2 + 9*c + 2. Let f(t) = -3*t**3 - 4*t**2 + 8*t + 1. Let d(m) = 6*f(m) - 5*h(m). Calculate d(y).
23
Let k(q) be the second derivative of -q**3/2 - 2*q**2 - 2*q - 282. Determine k(-1).
-1
Let f(z) = -z + 8. Suppose -4*u - 3 + 11 = 0. Let r be f(u). Let d(n) = n**3 - 7*n**2 + 5*n + 8. Determine d(r).
2
Suppose -24*l = -5*l - 190. Suppose l*w - 1 = -21. Let k(c) = 3*c**2 - 3*c - 2. Give k(w).
16
Let z(k) = 18737 - 37448 + 18733 - 2*k**2 + 4*k. Calculate z(-4).
-26
Let q(i) be the second derivative of -i**5/20 - i**4/6 + i**3/6 - 3*i**2/2 - i. Let y be -180 + 2/(-8) + 28/(-16). Let c = y - -179. What is q(c)?
3
Let m(g) = -445*g**3 + 18*g + 885*g**3 - 11*g**2 - 441*g**3 + 12 - 41. Determine m(-13).
75
Let g(h) = 20*h - 137. Let o be g(27). Let j(s) = -o + 812 - 400 + s. Let c(i) = 8*i. Let q be c(-1). Determine j(q).
1
Let f(v) = v**2 + 4*v - 18. Let h be ((-45)/3 + 1)/((-98)/(-49)). Give f(h).
3
Let q(l) be the first derivative of -6*l**2 + 4. Suppose 3*u = a + u + 148, u = a + 153. Let m = 159 + a. What is q(m)?
-12
Let r(g) = 3*g**2 - 2*g + 1. Let a = -12 - 37. Suppose 4*p = -20, 0 = -4*q - p + 6*p - 3. Let b be ((-7)/a)/((-1)/q). What is r(b)?
2
Let x(q) = 4*q**2 + 7*q**2 + 6*q + 6*q**2 - 16*q**2. Let d be (-7 + 1 - 0)*(-9)/(-18). Let a be 20/(-12)*7/((-7)/d). Determine x(a).
-5
Let z(j) = 7*j - 9 - j + j**2 + 0*j. Suppose 3*u = -3*v + 141, 2*v - 3*u - 123 + 9 = 0. Suppose 0 = -6*w + 9 - v. What is z(w)?
-2
Let s(t) = t**2 + 4*t + 11. Let w be s(-2). Let x(f) = -w*f + 8*f + f**2 + 6 - f + 6*f. Give x(-5).
1
Suppose -2*r - 5*n = 3*r, 3*r = 4*n + 7. Suppose -c = 5*w + 5, 4*c + w + 2 - r = 0. Let l(k) = 2*k + 3*k - 2 - 3 - 4*k. Calculate l(c).
-5
Let f(j) = 23*j**2 + 24*j**2 - 16*j + 26*j**2 - 78*j**2. Let k(q) = -11*q**2 - 34*q. Let g(v) = -9*f(v) + 4*k(v). Determine g(-6).
-12
Let a(l) = -56 - 85 + 34 - 70*l - 171. What is a(-4)?
2
Let f(m) = -25*m - 6. Suppose 5*a + 3*s - 15 + 0 = 0, -2*a + 2*s = -22. Let y(b) = -71*b - 17. Let j(k) = a*y(k) - 17*f(k). Determine j(6).
-6
Let y(p) be the second derivative of 7*p**3/6 - 11*p**2 + 7295*p. What is y(5)?
13
Let h(l) = 7*l**3 - 12*l**2 - 10*l + 7. Let v(b) be the first derivative of -2*b**4 + 13*b**3/3 + 6*b**2 - 8*b - 185. Let k(x) = 7*h(x) + 6*v(x). What is k(6)?
13
Let r(q) = q**2 + 6*q. Let i(n) = -n**2 - 6*n - 5. Suppose 0 = -11*j - 45 - 21. Let l be i(j). Calculate r(l).
-5
Let p(s) = -s**2 - s + 0*s**2 - 2 + s**3 + 4*s**2. Let m be (-1)/(-6) + ((-110)/(-60) - 3). Let a be (6/1 - 7) + (m - 1). Give p(a).
1
Suppose -2*f = -5*h + 18, 5*h = 4*h + 4*f. Let z = -238 - -250. Let y(p) = h*p - z + 0*p - 6*p. What is y(-9)?
6
Let k(w) = 2*w**2 + 2*w + 2. Let f(o) = -3*o**2 - 2. Let p(t) = -f(t) - 2*k(t). Determine p(-6).
-14
Let v(s) be the second derivative of s**3 + 7*s**2/2 + 3*s. Suppose -2*q - 12 = -w - 7, 5*q = 3*w - 9. What is v(q)?
-29
Let g(z) be the third derivative of 31*z**5/60 + 9*z**4/8 - 35*z**3/6 + 115*z**2. Let w(t) = -11*t**2 - 9*t + 12. Let f(q) = -6*g(q) - 17*w(q). Give f(5).
-14
Let x be ((-8)/(-10) - 1)*685/(-137). Let w(b) = -5*b**2 + 3*b - 1. Give w(x).
-3
Let m = 634 + -649. Let b(z) = -z**3 - 23*z**2 - 120*z - 7. Determine b(m).
-7
Suppose 1549 + 17 = -174*g. Let q(k) = -7*k + 12. Calculate q(g).
75
Let p(z) = 2*z**2 + 8*z - 5. Let c = 3230 - 3236. What is p(c)?
19
Suppose -5*g